79.
77
Calculate the highest common factor of 41776 and 30352.
112
Calculate the highest common factor of 103 and 9161.
1
Calculate the highest common factor of 28124 and 1583132.
356
What is the greatest common divisor of 8 and 1929250?
2
Calculate the greatest common factor of 19 and 179858180.
19
What is the greatest common divisor of 7309252 and 32018?
4574
Calculate the highest common divisor of 9588 and 145064043.
2397
Calculate the greatest common factor of 12751816 and 350.
14
Calculate the greatest common divisor of 102 and 156151392.
102
Calculate the highest common factor of 3955786 and 4898.
62
What is the highest common divisor of 2108032 and 7568?
688
Calculate the greatest common divisor of 29797 and 141017.
83
Calculate the greatest common factor of 266703681 and 1629.
543
Calculate the greatest common divisor of 37166714 and 10088.
2522
Calculate the highest common factor of 3054619 and 11671.
1061
Calculate the greatest common factor of 7 and 24340421.
7
Calculate the highest common divisor of 246805 and 9945.
65
What is the greatest common divisor of 78705 and 52966980?
1485
What is the greatest common divisor of 113515 and 4240205?
365
What is the highest common factor of 1038778 and 7592?
26
Calculate the highest common divisor of 74983 and 6169260.
449
Calculate the highest common divisor of 697840228 and 8656.
2164
What is the greatest common factor of 163512425 and 3385?
3385
Calculate the greatest common factor of 2950 and 1835875.
25
Calculate the highest common factor of 9837441 and 8136.
1017
What is the greatest common divisor of 3942 and 170445510?
1314
What is the greatest common factor of 510 and 5999640?
510
What is the greatest common divisor of 26364 and 633243?
507
What is the greatest common factor of 57400 and 6670825?
175
What is the greatest common divisor of 101475 and 1166245?
205
What is the greatest common factor of 32 and 308516304?
16
What is the highest common divisor of 182095 and 282820?
395
Calculate the greatest common factor of 17192477 and 1127.
23
Calculate the greatest common factor of 99 and 18461889.
9
Calculate the highest common factor of 280 and 2506056.
56
What is the highest common divisor of 2056800 and 554400?
2400
Calculate the greatest common factor of 6 and 235664412.
6
What is the highest common factor of 4934 and 301321847?
2467
Calculate the greatest common divisor of 4024 and 54408.
8
Calculate the highest common divisor of 154104 and 804.
12
Calculate the highest common factor of 2314 and 9237132.
178
Calculate the greatest common divisor of 2129682 and 17854.
158
Calculate the highest common factor of 15555908 and 2812.
76
Calculate the highest common divisor of 1991476345 and 28046.
14023
Calculate the greatest common factor of 4565 and 245465.
55
What is the highest common divisor of 2393036 and 8084?
172
Calculate the greatest common divisor of 143 and 327977.
13
What is the highest common factor of 1186913 and 1183?
91
What is the highest common divisor of 337662 and 5402?
74
Calculate the highest common divisor of 10293234 and 7805.
1561
What is the highest common factor of 11214 and 430794?
126
What is the greatest common divisor of 7136 and 81841?
223
What is the greatest common factor of 379260 and 21707?
49
What is the greatest common divisor of 11457753 and 12099?
12099
What is the greatest common divisor of 26236170 and 210?
30
What is the highest common factor of 459396278 and 8888?
2222
Calculate the highest common factor of 319 and 121504548.
319
Calculate the highest common factor of 6770 and 1890670.
10
What is the highest common factor of 1086 and 124408540?
362
What is the greatest common divisor of 82251 and 44426655?
2223
Calculate the highest common divisor of 846 and 4843773.
423
Calculate the highest common factor of 399188 and 33672.
92
Calculate the greatest common divisor of 8074456 and 3536.
1768
Calculate the highest common factor of 378 and 4043424.
42
What is the highest common factor of 246522780 and 88434?
5202
Calculate the highest common divisor of 33782013 and 522.
261
What is the highest common divisor of 12960 and 815400?
1080
Calculate the greatest common factor of 9 and 3263049.
9
What is the highest common factor of 4510336 and 6346?
334
Calculate the greatest common divisor of 1353199 and 3819.
1273
What is the greatest common factor of 306175 and 2146?
37
Calculate the greatest common divisor of 2774 and 147793391.
73
What is the greatest common divisor of 2548 and 72074639?
637
Calculate the greatest common divisor of 6816 and 7970176.
2272
Calculate the highest common divisor of 79625 and 2110500.
875
What is the highest common factor of 14418 and 1725300?
162
What is the greatest common factor of 352 and 16472896?
352
What is the greatest common factor of 15715 and 7483?
7
What is the greatest common divisor of 1296 and 526736?
16
Calculate the greatest common divisor of 450 and 9454950.
450
What is the greatest common factor of 428910146 and 42?
14
What is the greatest common factor of 6402526 and 234?
26
Calculate the greatest common divisor of 1039068 and 3792812.
4276
What is the greatest common factor of 7506 and 104796?
18
What is the greatest common factor of 137115 and 64097?
11
What is the highest common divisor of 182902928 and 832?
208
What is the greatest common divisor of 6789 and 111290325?
219
What is the highest common divisor of 186228 and 103908?
84
What is the highest common factor of 58025886 and 568?
142
Calculate the highest common factor of 5184 and 205443.
27
Calculate the greatest common factor of 27002 and 224020.
46
What is the greatest common divisor of 1392 and 54220512?
48
What is the highest common factor of 28024462 and 1706?
1706
What is the highest common divisor of 562726280 and 8280?
920
What is the greatest common divisor of 16 and 104891504?
16
What is the greatest common divisor of 35660 and 24520?
20
Calculate the greatest common divisor of 5940 and 16415520.
660
Calculate the greatest common factor of 619403 and 771472.
3709
Calculate the greatest common factor of 619218 and 1278.
18
What is the highest common divisor of 227487047 and 17?
17
What is the highest common divisor of 14777700 and 4092?
372
Calculate the greatest common factor of 3250 and 1104625.
125
What is the highest common factor of 1739 and 100381?
37
Calculate the highest common factor of 566 and 2342582.
2
Calculate the greatest common factor of 171 and 72257.
19
Calculate the highest common divisor of 22048 and 3412352.
1696
Calculate the highest common divisor of 19176 and 59364.
204
What is the greatest common factor of 670550 and 1200?
50
Calculate the greatest common factor of 24448052 and 212.
212
What is the highest common divisor of 44734582 and 34?
34
What is the highest common factor of 5048 and 1463289?
631
What is the greatest common divisor of 50397 and 14817503?
157
Calculate the highest common divisor of 201208994 and 91.
7
What is the greatest common divisor of 7003 and 17207861?
149
What is the greatest common divisor of 154162624 and 352?
352
Calculate the greatest common divisor of 6084065 and 39.
13
Calculate the greatest common divisor of 35358 and 176458.
166
Calculate the greatest common factor of 4078147 and 7667.
697
Calculate the greatest common divisor of 404407 and 1441861.
1429
Calculate the greatest common divisor of 2251 and 102886457.
2251
Calculate the highest common factor of 44746932 and 108.
12
What is the highest common factor of 14809410 and 8470?
770
What is the greatest common divisor of 16755710 and 255?
85
Calculate the highest common divisor of 12690 and 125976168.
2538
Calculate the greatest common factor of 21319875 and 108.
27
Calculate the highest common factor of 406847 and 44159325.
2527
Calculate the greatest common factor of 123010408 and 12678.
4226
What is the greatest common factor of 33 and 5678464?
11
Calculate the highest common divisor of 141802015 and 1955.
1955
What is the greatest common factor of 32111 and 722793?
197
Calculate the highest common divisor of 2272381 and 304.
19
What is the highest common divisor of 5592 and 16914402?
1398
What is the greatest common divisor of 704 and 8413240?
88
What is the highest common factor of 36 and 492572?
4
Calc